n 138 is divided by (a - -2) + -2 - (1 - 4).
26
Suppose -4*y + 3*v + 205 = 0, 56*y - 54*y + 2*v = 92. Calculate the remainder when y is divided by 3*(-9)/((-2)/2).
22
Let b be 23 - 28 - (-30)/2. Calculate the remainder when -135*-3*2/b is divided by 14.
11
Let d(b) = b**3 - 16*b**2 + 63*b - 33. Calculate the remainder when 1310 is divided by d(11).
45
Let g be (-8)/(2 - 102/50). Suppose -8*x + g = -3*x. Suppose -47*j + 777 = -13*j + 29. Calculate the remainder when x is divided by j.
18
Suppose 1998 = -44*r + 81*r. Calculate the remainder when 697 is divided by r.
49
Let h = 5071 + 2216. Calculate the remainder when h is divided by 90.
87
Suppose 2252 = 7*h + 2182. Suppose 7*x = 2*v + 4*x + 4, 4 = -v + 2*x. What is the remainder when h is divided by v?
2
Let d = 3899 + -3883. Calculate the remainder when 15/((-50)/(-44) - 1) is divided by d.
14
Let j(c) be the first derivative of -3*c**4/4 - 2*c**3 - 11*c**2 - 3*c - 73. Suppose -126 = -3*x + 15. What is the remainder when j(-3) is divided by x?
43
Let a be 5 + 20/8*-2. Suppose -2*r - 108 = -2*m, a = -2*m + 6*m + 4*r - 184. What is the remainder when m is divided by 11?
6
Suppose -444 = -266*q + 254*q. Calculate the remainder when 76 is divided by q.
2
Let s = 5090 + -5013. Calculate the remainder when 94 is divided by s.
17
Suppose -4*g - 1076 = 2*f, -2*g - 3*f - 538 = 2*f. Let a = g + 270. Let j(r) = r**3 - 3*r**2 + 3*r - 1. Calculate the remainder when a is divided by j(2).
0
Let w = -416 + 409. Let b(d) = d**2 - 4*d - 2. Calculate the remainder when -14 + w + 14 - -13 is divided by b(5).
0
Suppose 0 = k - 0 + 16. Let r = k - 49. Let p = 85 + r. Calculate the remainder when 49 is divided by p.
9
Let p(a) = 66*a**2 - 8*a + 7. Calculate the remainder when 69 is divided by p(1).
4
Let g be (-12)/(1*-3) - (11 - 9). Suppose -g*i + 24 - 14 = 0. Suppose -2*b - 2*r = -414, -i*r - 855 = -5*b + 180. What is the remainder when b is divided by 52?
51
Let v = 47 + 3. Suppose -9*o = -1759 + 220. Let x = o - 158. Calculate the remainder when v is divided by x.
11
Let z = -541 - -544. What is the remainder when (-8)/(-24) - (-1 + (-203)/z) is divided by 14?
13
Let a(n) = -n**2 - 10*n + 1. Let k(w) = w + 25. Let t be k(-17). Suppose t*v = 54 + 170. What is the remainder when v is divided by a(-9)?
8
Suppose 19*q + 39 = 6*q. Let v be 2 + (-1)/(3/q) + 0. Suppose -4*z + v*u + 32 = -2*z, z - 14 = 2*u. Calculate the remainder when 105 is divided by z.
17
Let y(s) = -s. Let w be y(-2). Suppose 3*f + 2*u = 498, w*f - 239 = 4*u + 109. Let m = -1552 - -1595. What is the remainder when f is divided by m?
39
Calculate the remainder when 215/(-43) + -1 + 3366 is divided by 177.
174
Let g be (9/30*-2)/((-30)/100). Suppose 4*z - 2*x + g = 5*z, 11 = 3*z + x. Calculate the remainder when 105 is divided by z.
1
Suppose 4*b = 1184 + 1240. Suppose -2*p - p = -b. Suppose 4666*a - 4330*a - 11424 = 0. What is the remainder when p is divided by a?
32
Calculate the remainder when 868 - 1/1 - (-123 + 115) is divided by 68.
59
Suppose 182 = -4425*m + 4451*m. Calculate the remainder when 857 is divided by m.
3
Suppose 0 = -3*v + 3*c - 6*c - 411, 5*c - 435 = 3*v. Calculate the remainder when 131 is divided by v/(-84) - (-16)/3.
5
Let k(z) = 2*z**2 - 9*z - 16. Let b be k(-7). Suppose -b*h = -149*h. Suppose -2*u + 74 - 64 = h. Calculate the remainder when 18 is divided by u.
3
Let u(z) = -38*z - 129. What is the remainder when u(-23) is divided by 23?
9
Suppose -5*z + 302 = -119 - 24. Calculate the remainder when 438 is divided by z.
82
Suppose 0 = -5*y - 3*f + 8*f - 1280, 5*y = -2*f - 1294. Let t = -179 - y. Calculate the remainder when t is divided by 14.
9
Suppose -70*w + 38*w + 736 = 0. Let j(n) = n**2 - n - 1. What is the remainder when w is divided by j(-3)?
1
Let l(n) = 284*n + 59. Let c be l(3). Suppose c - 4376 = -15*g. Calculate the remainder when g is divided by 8.
7
Let p be 3/(-9) + (-35)/(-15). Suppose p*l + l = 12. Suppose -43 = -5*g + l*x - 2*x, -2*g - x = -10. Calculate the remainder when 62 is divided by g.
6
Calculate the remainder when 49 is divided by (-9)/(90/(-20)) + 2.
1
Suppose 6 + 40 = 2*i. What is the remainder when i is divided by (21/6 + 2)*(-48)/(-44)?
5
Let c(f) = -2*f**2 + 25*f - 58. What is the remainder when 105 is divided by c(6)?
5
Let x = 110 - 74. Suppose -2*y + 0*y + 108 = 0. Suppose 0 = 2*n - 4*t - 342, -n + 121 + y = -t. What is the remainder when n is divided by x?
35
Let l(i) = i**3 - 6*i**2 + 6*i - 3. Let f be l(5). Let o(b) = f + 28*b - b + 13*b. What is the remainder when 167 is divided by o(1)?
41
Suppose 5*q - 55 = -5*h, 4*h - 25 = -5*q + 32. Let v = -57 + 58. What is the remainder when (-8680)/(-350) - (1 - v/5) is divided by q?
11
Suppose -3*y - 1815 - 14821 = -5*d, 0 = y + 2. Calculate the remainder when d is divided by 12.
2
What is the remainder when 2 + 37 + 9 + (7 - 12) is divided by 2?
1
Suppose b - 3*w = 36, b - 4*w - 28 - 14 = 0. Suppose -3*k = 4*n - 791, -n + 2*k + 174 = -2*k. Calculate the remainder when n is divided by b.
14
Suppose 5 = 3*p + 3*n + 8, -p = 3*n + 7. Let w = 3 + 2. Suppose -w*i + 18 + 2 = 0. What is the remainder when i is divided by p?
0
Suppose 355 = 5*n + 5*s, 2*n - 148 = -3*s + 4*s. Let f = n + -14. Calculate the remainder when f is divided by 17.
8
Suppose a = -4*a - 0*a. Suppose a = 184*s - 178*s - 162. Calculate the remainder when s is divided by 15.
12
Calculate the remainder when 1623 is divided by (4/(-12))/(13/(-468)).
3
Let t = -115 + 136. What is the remainder when 134 is divided by t?
8
Let v(r) be the second derivative of -r**4/12 + 7*r**3/6 - 4*r**2 - 76*r. What is the remainder when 10 is divided by v(4)?
2
Let f(n) = 15 + 5*n - 3*n + 0*n - 3*n. What is the remainder when f(5) is divided by (135/10)/(-9) - (-11)/2?
2
Let z(q) = 24*q - 13 - 4 - 168 - 9*q. What is the remainder when z(18) is divided by 13?
7
Let h(n) = 10*n**3 - 73*n**2 - 17*n + 19. What is the remainder when h(8) is divided by 154?
23
Suppose -77*w = 45*w - 44408. What is the remainder when w is divided by 118?
10
Calculate the remainder when ((-11196)/(-252) - 18)/((-2)/(-14)) is divided by 26.
3
Suppose 4*t = 3*q - 14, q - 2 - 8 = -4*t. Suppose 5*x = 4*c - 64, -5*x + q*x + 17 = c. What is the remainder when c is divided by 12/(-1)*(2 + -3)?
9
Let g = -16 - -36. Suppose -g = 4*k + k, z = 5*k + 15. What is the remainder when -4 - 1/(z/210) is divided by 8?
6
Let x be (-6)/21 + (-3408)/28. Let u = 116 - x. Calculate the remainder when u is divided by 40.
38
Let p = -6 + 9. Let w = 15 - 22. Calculate the remainder when w*(-5)/70*8 is divided by p.
1
Let l be -9 + 5/(-10)*(-6 - 0). Let c(j) = 4*j**2 + 8 + 11*j**2 - j - 3*j**2 + 2*j**3 + 0*j. What is the remainder when 23 is divided by c(l)?
9
Let k(l) = 8*l**2 - 369*l - 99. What is the remainder when k(-15) is divided by 127?
124
Let s = -5665 + 6024. Calculate the remainder when s is divided by 19.
17
Let a be 6 + (0 - (3 - 8)). Suppose y + 33 = -4*s + a, -3*y = -s + 1. What is the remainder when (30/3 - (s - -2))*1 is divided by 9?
4
Suppose -166*s + 6282 = -157*s. What is the remainder when s is divided by 5?
3
Let f be ((-4)/(-40)*-5)/(1/1026). Let c = -499 - f. Calculate the remainder when 52 is divided by c.
10
Suppose -68 + 5 = -3*d. Let a(u) = u**3 + u**2 - 42*u + 131. Suppose 5*y = -i - 12, 2*i + y = 7 - 4. What is the remainder when a(i) is divided by d?
20
Suppose 9*m - 176 = -13*m. Let r(w) = 56*w - 217. Calculate the remainder when r(7) is divided by m.
7
Suppose 0 = -6*j + 8*j - 206. Suppose 0*q = 4*q - 4, -5*l + j = 3*q. What is the remainder when l is divided by 4?
0
Let n(d) = 20*d**2 + d + 2. Let c(a) = 4*a + 43. Let f be c(-6). Suppose 0 = f*x - 22*x - 3. Calculate the remainder when 61 is divided by n(x).
19
Let a(k) = -k**2 + 38*k - 254. Let i be a(18). Let o = 232 + i. Calculate the remainder when o is divided by 31.
28
Calculate the remainder when 8656 is divided by 8/(-14) + 3419/91.
35
Suppose -4*i = -8, z - 8 = 3*i + 171. Suppose -1794*v = -906*v - 912*v + 1152. What is the remainder when z is divided by v?
41
Suppose 20 - 64 = 3*k + 4*r, -20 = 5*k - 4*r. Suppose -51 = -3*a - j, 5*a - 85 = 4*j - 6*j. What is the remainder when 60 - 2/(k/12) is divided by a?
12
Let r = -117 - -132. What is the remainder 